 5562.
2, 3, 103
List the prime factors of 11547.
3, 1283
What are the prime factors of 66317?
17, 47, 83
List the prime factors of 7532.
2, 7, 269
What are the prime factors of 11500?
2, 5, 23
List the prime factors of 135761.
349, 389
What are the prime factors of 568?
2, 71
What are the prime factors of 4356?
2, 3, 11
List the prime factors of 27880.
2, 5, 17, 41
What are the prime factors of 8?
2
List the prime factors of 7303.
67, 109
What are the prime factors of 751?
751
What are the prime factors of 57668?
2, 13, 1109
List the prime factors of 38422.
2, 19211
List the prime factors of 16860.
2, 3, 5, 281
List the prime factors of 1604.
2, 401
What are the prime factors of 15483?
3, 13, 397
What are the prime factors of 854?
2, 7, 61
List the prime factors of 14361.
3, 4787
What are the prime factors of 1048?
2, 131
What are the prime factors of 30789?
3, 11, 311
List the prime factors of 10437.
3, 7, 71
List the prime factors of 25783.
19, 23, 59
List the prime factors of 42034.
2, 21017
List the prime factors of 21829.
83, 263
List the prime factors of 27943.
27943
List the prime factors of 2092.
2, 523
What are the prime factors of 1029?
3, 7
What are the prime factors of 18802?
2, 7, 17, 79
What are the prime factors of 32984?
2, 7, 19, 31
What are the prime factors of 36285?
3, 5, 41, 59
List the prime factors of 2450.
2, 5, 7
What are the prime factors of 117?
3, 13
List the prime factors of 491.
491
What are the prime factors of 6418?
2, 3209
List the prime factors of 149.
149
List the prime factors of 125077.
19, 29, 227
What are the prime factors of 14355?
3, 5, 11, 29
What are the prime factors of 13362?
2, 3, 17, 131
What are the prime factors of 45237?
3, 17, 887
List the prime factors of 104219.
89, 1171
List the prime factors of 38110.
2, 5, 37, 103
List the prime factors of 12102.
2, 3, 2017
List the prime factors of 38085.
3, 5, 2539
List the prime factors of 22337.
7, 3191
List the prime factors of 762.
2, 3, 127
List the prime factors of 9091.
9091
List the prime factors of 818.
2, 409
List the prime factors of 1161.
3, 43
What are the prime factors of 71199?
3, 293
List the prime factors of 3255.
3, 5, 7, 31
List the prime factors of 3007.
31, 97
What are the prime factors of 73493?
7, 10499
What are the prime factors of 58613?
58613
List the prime factors of 1364.
2, 11, 31
What are the prime factors of 1293?
3, 431
What are the prime factors of 3894?
2, 3, 11, 59
What are the prime factors of 59518?
2, 29759
What are the prime factors of 13375?
5, 107
List the prime factors of 2975.
5, 7, 17
List the prime factors of 173708.
2, 43427
What are the prime factors of 52118?
2, 11, 23, 103
What are the prime factors of 109049?
109049
What are the prime factors of 14618?
2, 7309
List the prime factors of 966.
2, 3, 7, 23
List the prime factors of 57019.
19, 3001
List the prime factors of 23113.
29, 797
List the prime factors of 25306.
2, 12653
What are the prime factors of 999?
3, 37
List the prime factors of 1188.
2, 3, 11
List the prime factors of 2033.
19, 107
List the prime factors of 90289.
90289
List the prime factors of 507.
3, 13
List the prime factors of 26773.
41, 653
What are the prime factors of 1324?
2, 331
What are the prime factors of 42855?
3, 5, 2857
What are the prime factors of 5172?
2, 3, 431
List the prime factors of 2155.
5, 431
What are the prime factors of 12378?
2, 3, 2063
What are the prime factors of 19818?
2, 3, 367
List the prime factors of 317.
317
List the prime factors of 32227.
13, 37, 67
What are the prime factors of 3405?
3, 5, 227
What are the prime factors of 2647?
2647
What are the prime factors of 115?
5, 23
List the prime factors of 938.
2, 7, 67
What are the prime factors of 8161?
8161
What are the prime factors of 17068?
2, 17, 251
What are the prime factors of 1400?
2, 5, 7
List the prime factors of 803.
11, 73
What are the prime factors of 2201?
31, 71
What are the prime factors of 3644?
2, 911
List the prime factors of 1602.
2, 3, 89
What are the prime factors of 4022?
2, 2011
What are the prime factors of 3902?
2, 1951
What are the prime factors of 8629?
8629
List the prime factors of 2086.
2, 7, 149
What are the prime factors of 10679?
59, 181
List the prime factors of 35818.
2, 17909
List the prime factors of 2601.
3, 17
List the prime factors of 2640.
2, 3, 5, 11
List the prime factors of 955.
5, 191
List the prime factors of 18375.
3, 5, 7
What are the prime factors of 20877?
3, 6959
What are the prime factors of 2610?
2, 3, 5, 29
What are the prime factors of 4219?
4219
What are the prime factors of 39796?
2, 9949
What are the prime factors of 934?
2, 467
What are the prime factors of 3281?
17, 193
What are the prime factors of 13467?
3, 67
List the prime factors of 6153.
3, 7, 293
What are the prime factors of 26771?
19, 1409
List the prime factors of 86174.
2, 11, 3917
List the prime factors of 4882.
2, 2441
List the prime factors of 38867.
38867
What are the prime factors of 5138?
2, 7, 367
List the prime factors of 3400.
2, 5, 17
List the prime factors of 64769.
239, 271
What are the prime factors of 21268?
2, 13, 409
List the prime factors of 4415.
5, 883
What are the prime factors of 2706?
2, 3, 11, 41
List the prime factors of 63930.
2, 3, 5, 2131
What are the prime factors of 69?
3, 23
What are the prime factors of 1759?
1759
List the prime factors of 16586.
2, 8293
What are the prime factors of 30171?
3, 89, 113
What are the prime factors of 7354?
2, 3677
What are the prime factors of 31?
31
What are the prime factors of 979?
11, 89
List the prime factors of 61.
61
What are the prime factors of 283?
283
List the prime factors of 14.
2, 7
List the prime factors of 1219.
23, 53
List the prime factors of 50288.
2, 7, 449
What are the prime factors of 22011?
3, 11, 23, 29
What are the prime factors of 21909?
3, 67, 109
What are the prime factors of 11822?
2, 23, 257
List the prime factors of 286.
2, 11, 13
What are the prime factors of 561?
3, 11, 17
What are the prime factors of 8904?
2, 3, 7, 53
What are the prime factors of 4546?
2, 2273
What are the prime factors of 11441?
17, 673
What are the prime factors of 11289?
3, 53, 71
What are the prime factors of 5714?
2, 2857
What are the prime factors of 370?
2, 5, 37
List the prime factors of 481.
13, 37
List the prime factors of 4941.
3, 61
What are the prime factors of 12797?
67, 191
List the prime factors of 201.
3, 67
List the prime factors of 85461.
3, 61, 467
List the prime factors of 4188.
2, 3, 349
List the prime factors of 16772.
2, 7, 599
What are the prime factors of 5917?
61, 97
What are the prime factors of 85757?
7, 12251
List the prime factors of 475.
5, 19
What are the prime factors of 52459?
11, 19, 251
What are the prime factors of 13250?
2, 5, 53
List the prime factors of 6817.
17, 401
What are the prime factors of 1673?
7, 239
List the prime factors of 885.
3, 5, 59
List the prime factors of 16379.
11, 1489
List the prime factors of 960.
2, 3, 5
List the prime factors of 1198.
2, 599
What are the prime factors of 682?
2, 11, 31
List the prime factors of 3456.
2, 3
What are the prime factors of 174779?
11, 15889
List the prime factors of 77016.
2, 3, 3209
What are the prime factors of 2105?
5, 421
What are the prime factors of 71?
71
What are the prime factors of 3411?
3, 379
List the prime factors of 789.
3, 263
List the prime factors of 43905.
3, 5, 2927
What are the prime factors of 30127?
47, 641
What are the prime factors of 49965?
3, 5, 3331
List the prime factors of 3157.
7, 11, 41
What are the prime factors of 146?
2, 73
What are the prime factors of 7722?
2, 3, 11, 13
List the prime factors of 835.
5, 167
List the prime factors of 3106.
2, 1553
List the prime factors of 23597.
7, 3371
What are the prime factors of 7426?
2, 47, 79
List the prime factors of 272.
2, 17
What are the prime factors of 49606?
2, 17, 1459
What are the prime factors of 10666?
2, 5333
What are the prime factors of 1605?
3, 5, 107
What are the prime factors of 999?
3, 37
What are the prime factors of 658?
2, 7, 47
List the prime factors of 725.
5, 29
List the prime factors of 1547.
7, 13, 17
What are the prime factors of 4041?
3, 449
List the prime factors of 76158.
2, 3, 4231
What are the prime factors of 1584?